{"id":8744,"date":"2025-12-23T15:26:44","date_gmt":"2025-12-23T15:26:44","guid":{"rendered":"https:\/\/fidalgasdesantar.pt\/?post_type=product&#038;p=8744"},"modified":"2026-04-08T16:43:15","modified_gmt":"2026-04-08T16:43:15","slug":"doce-de-abobora","status":"publish","type":"product","link":"https:\/\/fidalgasdesantar.pt\/en\/product\/doce-de-abobora\/","title":{"rendered":"Pumpkin Jam"},"content":{"rendered":"<p data-start=\"844\" data-end=\"1014\"><strong data-start=\"844\" data-end=\"861\">Peso l\u00edquido:<\/strong> aproximadamente 280g<br data-start=\"882\" data-end=\"885\" \/><strong data-start=\"885\" data-end=\"896\">Origem:<\/strong> Produto de Portugal<br data-start=\"916\" data-end=\"919\" \/><strong data-start=\"919\" data-end=\"957\">Local de produ\u00e7\u00e3o\/comercializa\u00e7\u00e3o:<\/strong> Santar, Portugal<br data-start=\"974\" data-end=\"977\" \/><strong data-start=\"977\" data-end=\"1000\">Comercializado por:<\/strong> VINASSANTAR<\/p>\n<p data-start=\"1016\" data-end=\"1130\"><strong data-start=\"1016\" data-end=\"1032\">Conserva\u00e7\u00e3o:<\/strong> Conservar em local fresco e seco. Ap\u00f3s abertura, manter no frigor\u00edfico e consumir em poucos dias.<\/p>","protected":false},"excerpt":{"rendered":"<p data-start=\"326\" data-end=\"612\">Deliciosa compota artesanal de ab\u00f3bora, preparada segundo m\u00e9todos tradicionais que preservam o sabor aut\u00eantico e t\u00e3o caracter\u00edstico da gastronomia portuguesa. De textura suave e sabor naturalmente doce, \u00e9 ideal para acompanhar queijos, barrar em p\u00e3o ou utilizar em sobremesas.<\/p>\n<p data-start=\"614\" data-end=\"740\">Produzida em Portugal, esta compota reflete a qualidade dos ingredientes selecionados e o cuidado no seu processo de confe\u00e7\u00e3o.<\/p>\n<p data-start=\"742\" data-end=\"842\"><strong data-start=\"742\" data-end=\"759\">Ingredientes:<\/strong> Ab\u00f3bora, a\u00e7\u00facar, raspas de laranja e lim\u00e3o.<\/p>\n<p data-start=\"844\" data-end=\"1014\">","protected":false},"featured_media":8857,"comment_status":"open","ping_status":"closed","template":"","meta":{"_acf_changed":false},"tax-castas":[],"product_brand":[],"product_cat":[146],"product_tag":[],"class_list":{"0":"post-8744","1":"product","2":"type-product","3":"status-publish","4":"has-post-thumbnail","6":"product_cat-doces-tradicionais","8":"first","9":"instock","10":"taxable","11":"shipping-taxable","12":"purchasable","13":"product-type-simple"},"acf":[],"yoast_head":"<!-- This site is optimized with the Yoast SEO plugin v26.8 - https:\/\/yoast.com\/product\/yoast-seo-wordpress\/ -->\n<title>Doce de Ab\u00f3bora - Fidalgas de Santar<\/title>\n<meta name=\"robots\" content=\"index, follow, max-snippet:-1, max-image-preview:large, max-video-preview:-1\" \/>\n<link rel=\"canonical\" href=\"https:\/\/fidalgasdesantar.pt\/en\/product\/doce-de-abobora\/\" \/>\n<meta property=\"og:locale\" content=\"en_GB\" \/>\n<meta property=\"og:type\" content=\"article\" \/>\n<meta property=\"og:title\" content=\"Doce de Ab\u00f3bora - Fidalgas de Santar\" \/>\n<meta property=\"og:description\" content=\"Deliciosa compota artesanal de ab\u00f3bora, preparada segundo m\u00e9todos tradicionais que preservam o sabor aut\u00eantico e t\u00e3o caracter\u00edstico da gastronomia portuguesa. De textura suave e sabor naturalmente doce, \u00e9 ideal para acompanhar queijos, barrar em p\u00e3o ou utilizar em sobremesas. Produzida em Portugal, esta compota reflete a qualidade dos ingredientes selecionados e o cuidado no seu processo de confe\u00e7\u00e3o. Ingredientes: Ab\u00f3bora, a\u00e7\u00facar, raspas de laranja e lim\u00e3o.\" \/>\n<meta property=\"og:url\" content=\"https:\/\/fidalgasdesantar.pt\/en\/product\/doce-de-abobora\/\" \/>\n<meta property=\"og:site_name\" content=\"Fidalgas de Santar\" \/>\n<meta property=\"article:modified_time\" content=\"2026-04-08T16:43:15+00:00\" \/>\n<meta property=\"og:image\" content=\"https:\/\/fidalgasdesantar.pt\/wp-content\/uploads\/2025\/12\/Compota-de-abobora-683x1024.png\" \/>\n\t<meta property=\"og:image:width\" content=\"683\" \/>\n\t<meta property=\"og:image:height\" content=\"1024\" \/>\n\t<meta property=\"og:image:type\" content=\"image\/png\" \/>\n<meta name=\"twitter:card\" content=\"summary_large_image\" \/>\n<meta name=\"twitter:label1\" content=\"Estimated reading time\" \/>\n\t<meta name=\"twitter:data1\" content=\"1 minute\" \/>\n<script type=\"application\/ld+json\" class=\"yoast-schema-graph\">{\"@context\":\"https:\/\/schema.org\",\"@graph\":[{\"@type\":\"WebPage\",\"@id\":\"https:\/\/fidalgasdesantar.pt\/produto\/doce-de-abobora\/\",\"url\":\"https:\/\/fidalgasdesantar.pt\/produto\/doce-de-abobora\/\",\"name\":\"Doce de Ab\u00f3bora - Fidalgas de Santar\",\"isPartOf\":{\"@id\":\"https:\/\/fidalgasdesantar.pt\/#website\"},\"primaryImageOfPage\":{\"@id\":\"https:\/\/fidalgasdesantar.pt\/produto\/doce-de-abobora\/#primaryimage\"},\"image\":{\"@id\":\"https:\/\/fidalgasdesantar.pt\/produto\/doce-de-abobora\/#primaryimage\"},\"thumbnailUrl\":\"https:\/\/fidalgasdesantar.pt\/wp-content\/uploads\/2025\/12\/Compota-de-abobora.png\",\"datePublished\":\"2025-12-23T15:26:44+00:00\",\"dateModified\":\"2026-04-08T16:43:15+00:00\",\"breadcrumb\":{\"@id\":\"https:\/\/fidalgasdesantar.pt\/produto\/doce-de-abobora\/#breadcrumb\"},\"inLanguage\":\"en-GB\",\"potentialAction\":[{\"@type\":\"ReadAction\",\"target\":[\"https:\/\/fidalgasdesantar.pt\/produto\/doce-de-abobora\/\"]}]},{\"@type\":\"ImageObject\",\"inLanguage\":\"en-GB\",\"@id\":\"https:\/\/fidalgasdesantar.pt\/produto\/doce-de-abobora\/#primaryimage\",\"url\":\"https:\/\/fidalgasdesantar.pt\/wp-content\/uploads\/2025\/12\/Compota-de-abobora.png\",\"contentUrl\":\"https:\/\/fidalgasdesantar.pt\/wp-content\/uploads\/2025\/12\/Compota-de-abobora.png\",\"width\":1024,\"height\":1536},{\"@type\":\"BreadcrumbList\",\"@id\":\"https:\/\/fidalgasdesantar.pt\/produto\/doce-de-abobora\/#breadcrumb\",\"itemListElement\":[{\"@type\":\"ListItem\",\"position\":1,\"name\":\"In\u00edcio\",\"item\":\"https:\/\/fidalgasdesantar.pt\/\"},{\"@type\":\"ListItem\",\"position\":2,\"name\":\"Loja\",\"item\":\"https:\/\/fidalgasdesantar.pt\/loja\/\"},{\"@type\":\"ListItem\",\"position\":3,\"name\":\"Doce de Ab\u00f3bora\"}]},{\"@type\":\"WebSite\",\"@id\":\"https:\/\/fidalgasdesantar.pt\/#website\",\"url\":\"https:\/\/fidalgasdesantar.pt\/\",\"name\":\"Fidalgas de Santar\",\"description\":\"Vinho\/Bebidas espirituosas\",\"publisher\":{\"@id\":\"https:\/\/fidalgasdesantar.pt\/#organization\"},\"potentialAction\":[{\"@type\":\"SearchAction\",\"target\":{\"@type\":\"EntryPoint\",\"urlTemplate\":\"https:\/\/fidalgasdesantar.pt\/?s={search_term_string}\"},\"query-input\":{\"@type\":\"PropertyValueSpecification\",\"valueRequired\":true,\"valueName\":\"search_term_string\"}}],\"inLanguage\":\"en-GB\"},{\"@type\":\"Organization\",\"@id\":\"https:\/\/fidalgasdesantar.pt\/#organization\",\"name\":\"Fidalgas de Santar\",\"url\":\"https:\/\/fidalgasdesantar.pt\/\",\"logo\":{\"@type\":\"ImageObject\",\"inLanguage\":\"en-GB\",\"@id\":\"https:\/\/fidalgasdesantar.pt\/#\/schema\/logo\/image\/\",\"url\":\"https:\/\/fidalgasdesantar.pt\/wp-content\/uploads\/2025\/12\/cropped-logo2.jpg\",\"contentUrl\":\"https:\/\/fidalgasdesantar.pt\/wp-content\/uploads\/2025\/12\/cropped-logo2.jpg\",\"width\":789,\"height\":664,\"caption\":\"Fidalgas de Santar\"},\"image\":{\"@id\":\"https:\/\/fidalgasdesantar.pt\/#\/schema\/logo\/image\/\"}}]}<\/script>\n<!-- \/ Yoast SEO plugin. -->","yoast_head_json":{"title":"Doce de Ab\u00f3bora - Fidalgas de Santar","robots":{"index":"index","follow":"follow","max-snippet":"max-snippet:-1","max-image-preview":"max-image-preview:large","max-video-preview":"max-video-preview:-1"},"canonical":"https:\/\/fidalgasdesantar.pt\/en\/product\/doce-de-abobora\/","og_locale":"en_GB","og_type":"article","og_title":"Doce de Ab\u00f3bora - Fidalgas de Santar","og_description":"Deliciosa compota artesanal de ab\u00f3bora, preparada segundo m\u00e9todos tradicionais que preservam o sabor aut\u00eantico e t\u00e3o caracter\u00edstico da gastronomia portuguesa. De textura suave e sabor naturalmente doce, \u00e9 ideal para acompanhar queijos, barrar em p\u00e3o ou utilizar em sobremesas. Produzida em Portugal, esta compota reflete a qualidade dos ingredientes selecionados e o cuidado no seu processo de confe\u00e7\u00e3o. Ingredientes: Ab\u00f3bora, a\u00e7\u00facar, raspas de laranja e lim\u00e3o.","og_url":"https:\/\/fidalgasdesantar.pt\/en\/product\/doce-de-abobora\/","og_site_name":"Fidalgas de Santar","article_modified_time":"2026-04-08T16:43:15+00:00","og_image":[{"width":683,"height":1024,"url":"https:\/\/fidalgasdesantar.pt\/wp-content\/uploads\/2025\/12\/Compota-de-abobora-683x1024.png","type":"image\/png"}],"twitter_card":"summary_large_image","twitter_misc":{"Estimated reading time":"1 minute"},"schema":{"@context":"https:\/\/schema.org","@graph":[{"@type":"WebPage","@id":"https:\/\/fidalgasdesantar.pt\/produto\/doce-de-abobora\/","url":"https:\/\/fidalgasdesantar.pt\/produto\/doce-de-abobora\/","name":"Doce de Ab\u00f3bora - Fidalgas de Santar","isPartOf":{"@id":"https:\/\/fidalgasdesantar.pt\/#website"},"primaryImageOfPage":{"@id":"https:\/\/fidalgasdesantar.pt\/produto\/doce-de-abobora\/#primaryimage"},"image":{"@id":"https:\/\/fidalgasdesantar.pt\/produto\/doce-de-abobora\/#primaryimage"},"thumbnailUrl":"https:\/\/fidalgasdesantar.pt\/wp-content\/uploads\/2025\/12\/Compota-de-abobora.png","datePublished":"2025-12-23T15:26:44+00:00","dateModified":"2026-04-08T16:43:15+00:00","breadcrumb":{"@id":"https:\/\/fidalgasdesantar.pt\/produto\/doce-de-abobora\/#breadcrumb"},"inLanguage":"en-GB","potentialAction":[{"@type":"ReadAction","target":["https:\/\/fidalgasdesantar.pt\/produto\/doce-de-abobora\/"]}]},{"@type":"ImageObject","inLanguage":"en-GB","@id":"https:\/\/fidalgasdesantar.pt\/produto\/doce-de-abobora\/#primaryimage","url":"https:\/\/fidalgasdesantar.pt\/wp-content\/uploads\/2025\/12\/Compota-de-abobora.png","contentUrl":"https:\/\/fidalgasdesantar.pt\/wp-content\/uploads\/2025\/12\/Compota-de-abobora.png","width":1024,"height":1536},{"@type":"BreadcrumbList","@id":"https:\/\/fidalgasdesantar.pt\/produto\/doce-de-abobora\/#breadcrumb","itemListElement":[{"@type":"ListItem","position":1,"name":"In\u00edcio","item":"https:\/\/fidalgasdesantar.pt\/"},{"@type":"ListItem","position":2,"name":"Loja","item":"https:\/\/fidalgasdesantar.pt\/loja\/"},{"@type":"ListItem","position":3,"name":"Doce de Ab\u00f3bora"}]},{"@type":"WebSite","@id":"https:\/\/fidalgasdesantar.pt\/#website","url":"https:\/\/fidalgasdesantar.pt\/","name":"Fidalgas de Santar","description":"Vinho\/Bebidas espirituosas","publisher":{"@id":"https:\/\/fidalgasdesantar.pt\/#organization"},"potentialAction":[{"@type":"SearchAction","target":{"@type":"EntryPoint","urlTemplate":"https:\/\/fidalgasdesantar.pt\/?s={search_term_string}"},"query-input":{"@type":"PropertyValueSpecification","valueRequired":true,"valueName":"search_term_string"}}],"inLanguage":"en-GB"},{"@type":"Organization","@id":"https:\/\/fidalgasdesantar.pt\/#organization","name":"Fidalgas de Santar","url":"https:\/\/fidalgasdesantar.pt\/","logo":{"@type":"ImageObject","inLanguage":"en-GB","@id":"https:\/\/fidalgasdesantar.pt\/#\/schema\/logo\/image\/","url":"https:\/\/fidalgasdesantar.pt\/wp-content\/uploads\/2025\/12\/cropped-logo2.jpg","contentUrl":"https:\/\/fidalgasdesantar.pt\/wp-content\/uploads\/2025\/12\/cropped-logo2.jpg","width":789,"height":664,"caption":"Fidalgas de Santar"},"image":{"@id":"https:\/\/fidalgasdesantar.pt\/#\/schema\/logo\/image\/"}}]}},"_links":{"self":[{"href":"https:\/\/fidalgasdesantar.pt\/en\/wp-json\/wp\/v2\/product\/8744","targetHints":{"allow":["GET"]}}],"collection":[{"href":"https:\/\/fidalgasdesantar.pt\/en\/wp-json\/wp\/v2\/product"}],"about":[{"href":"https:\/\/fidalgasdesantar.pt\/en\/wp-json\/wp\/v2\/types\/product"}],"replies":[{"embeddable":true,"href":"https:\/\/fidalgasdesantar.pt\/en\/wp-json\/wp\/v2\/comments?post=8744"}],"wp:featuredmedia":[{"embeddable":true,"href":"https:\/\/fidalgasdesantar.pt\/en\/wp-json\/wp\/v2\/media\/8857"}],"wp:attachment":[{"href":"https:\/\/fidalgasdesantar.pt\/en\/wp-json\/wp\/v2\/media?parent=8744"}],"wp:term":[{"taxonomy":"tax-castas","embeddable":true,"href":"https:\/\/fidalgasdesantar.pt\/en\/wp-json\/wp\/v2\/tax-castas?post=8744"},{"taxonomy":"product_brand","embeddable":true,"href":"https:\/\/fidalgasdesantar.pt\/en\/wp-json\/wp\/v2\/product_brand?post=8744"},{"taxonomy":"product_cat","embeddable":true,"href":"https:\/\/fidalgasdesantar.pt\/en\/wp-json\/wp\/v2\/product_cat?post=8744"},{"taxonomy":"product_tag","embeddable":true,"href":"https:\/\/fidalgasdesantar.pt\/en\/wp-json\/wp\/v2\/product_tag?post=8744"}],"curies":[{"name":"wp","href":"https:\/\/api.w.org\/{rel}","templated":true}]}}

<p data-start="844" data-end="1014"><strong data-start="844" data-end="861">Peso líquido:</strong> aproximadamente 280g<br data-start="882" data-end="885" /><strong data-start="885" data-end="896">Origem:</strong> Produto de Portugal<br data-start="916" data-end="919" /><strong data-start="919" data-end="957">Local de produção/comercialização:</strong> Santar, Portugal<br data-start="974" data-end="977" /><strong data-start="977" data-end="1000">Comercializado por:</strong> VINASSANTAR</p>
<p data-start="1016" data-end="1130"><strong data-start="1016" data-end="1032">Conservação:</strong> Conservar em local fresco e seco. Após abertura, manter no frigorífico e consumir em poucos dias.</p>

<p data-start="326" data-end="612">Deliciosa compota artesanal de abóbora, preparada segundo métodos tradicionais que preservam o sabor autêntico e tão característico da gastronomia portuguesa. De textura suave e sabor naturalmente doce, é ideal para acompanhar queijos, barrar em pão ou utilizar em sobremesas.</p>
<p data-start="614" data-end="740">Produzida em Portugal, esta compota reflete a qualidade dos ingredientes selecionados e o cuidado no seu processo de confeção.</p>
<p data-start="742" data-end="842"><strong data-start="742" data-end="759">Ingredientes:</strong> Abóbora, açúcar, raspas de laranja e limão.</p>
<p data-start="844" data-end="1014">

<!-- This site is optimized with the Yoast SEO plugin v26.8 - https://yoast.com/product/yoast-seo-wordpress/ -->
<title>Doce de Abóbora - Fidalgas de Santar</title>
<meta name="robots" content="index, follow, max-snippet:-1, max-image-preview:large, max-video-preview:-1" />
<link rel="canonical" href="https://fidalgasdesantar.pt/en/product/doce-de-abobora/" />
<meta property="og:locale" content="en_GB" />
<meta property="og:type" content="article" />
<meta property="og:title" content="Doce de Abóbora - Fidalgas de Santar" />
<meta property="og:description" content="Deliciosa compota artesanal de abóbora, preparada segundo métodos tradicionais que preservam o sabor autêntico e tão característico da gastronomia portuguesa. De textura suave e sabor naturalmente doce, é ideal para acompanhar queijos, barrar em pão ou utilizar em sobremesas. Produzida em Portugal, esta compota reflete a qualidade dos ingredientes selecionados e o cuidado no seu processo de confeção. Ingredientes: Abóbora, açúcar, raspas de laranja e limão." />
<meta property="og:url" content="https://fidalgasdesantar.pt/en/product/doce-de-abobora/" />
<meta property="og:site_name" content="Fidalgas de Santar" />
<meta property="article:modified_time" content="2026-04-08T16:43:15+00:00" />
<meta property="og:image" content="https://fidalgasdesantar.pt/wp-content/uploads/2025/12/Compota-de-abobora-683x1024.png" />
	<meta property="og:image:width" content="683" />
	<meta property="og:image:height" content="1024" />
	<meta property="og:image:type" content="image/png" />
<meta name="twitter:card" content="summary_large_image" />
<meta name="twitter:label1" content="Estimated reading time" />
	<meta name="twitter:data1" content="1 minute" />
<script type="application/ld+json" class="yoast-schema-graph">{"@context":"https://schema.org","@graph":[{"@type":"WebPage","@id":"https://fidalgasdesantar.pt/produto/doce-de-abobora/","url":"https://fidalgasdesantar.pt/produto/doce-de-abobora/","name":"Doce de Abóbora - Fidalgas de Santar","isPartOf":{"@id":"https://fidalgasdesantar.pt/#website"},"primaryImageOfPage":{"@id":"https://fidalgasdesantar.pt/produto/doce-de-abobora/#primaryimage"},"image":{"@id":"https://fidalgasdesantar.pt/produto/doce-de-abobora/#primaryimage"},"thumbnailUrl":"https://fidalgasdesantar.pt/wp-content/uploads/2025/12/Compota-de-abobora.png","datePublished":"2025-12-23T15:26:44+00:00","dateModified":"2026-04-08T16:43:15+00:00","breadcrumb":{"@id":"https://fidalgasdesantar.pt/produto/doce-de-abobora/#breadcrumb"},"inLanguage":"en-GB","potentialAction":[{"@type":"ReadAction","target":["https://fidalgasdesantar.pt/produto/doce-de-abobora/"]}]},{"@type":"ImageObject","inLanguage":"en-GB","@id":"https://fidalgasdesantar.pt/produto/doce-de-abobora/#primaryimage","url":"https://fidalgasdesantar.pt/wp-content/uploads/2025/12/Compota-de-abobora.png","contentUrl":"https://fidalgasdesantar.pt/wp-content/uploads/2025/12/Compota-de-abobora.png","width":1024,"height":1536},{"@type":"BreadcrumbList","@id":"https://fidalgasdesantar.pt/produto/doce-de-abobora/#breadcrumb","itemListElement":[{"@type":"ListItem","position":1,"name":"Início","item":"https://fidalgasdesantar.pt/"},{"@type":"ListItem","position":2,"name":"Loja","item":"https://fidalgasdesantar.pt/loja/"},{"@type":"ListItem","position":3,"name":"Doce de Abóbora"}]},{"@type":"WebSite","@id":"https://fidalgasdesantar.pt/#website","url":"https://fidalgasdesantar.pt/","name":"Fidalgas de Santar","description":"Vinho/Bebidas espirituosas","publisher":{"@id":"https://fidalgasdesantar.pt/#organization"},"potentialAction":[{"@type":"SearchAction","target":{"@type":"EntryPoint","urlTemplate":"https://fidalgasdesantar.pt/?s={search_term_string}"},"query-input":{"@type":"PropertyValueSpecification","valueRequired":true,"valueName":"search_term_string"}}],"inLanguage":"en-GB"},{"@type":"Organization","@id":"https://fidalgasdesantar.pt/#organization","name":"Fidalgas de Santar","url":"https://fidalgasdesantar.pt/","logo":{"@type":"ImageObject","inLanguage":"en-GB","@id":"https://fidalgasdesantar.pt/#/schema/logo/image/","url":"https://fidalgasdesantar.pt/wp-content/uploads/2025/12/cropped-logo2.jpg","contentUrl":"https://fidalgasdesantar.pt/wp-content/uploads/2025/12/cropped-logo2.jpg","width":789,"height":664,"caption":"Fidalgas de Santar"},"image":{"@id":"https://fidalgasdesantar.pt/#/schema/logo/image/"}}]}</script>
<!-- / Yoast SEO plugin. -->

Doce de Abóbora - Fidalgas de Santar

Deliciosa compota artesanal de abóbora, preparada segundo métodos tradicionais que preservam o sabor autêntico e tão característico da gastronomia portuguesa. De textura suave e sabor naturalmente doce, é ideal para acompanhar queijos, barrar em pão ou utilizar em sobremesas. Produzida em Portugal, esta compota reflete a qualidade dos ingredientes selecionados e o cuidado no seu processo de confeção. Ingredientes: Abóbora, açúcar, raspas de laranja e limão.

Início

Doce de Abóbora
